{"id":158,"date":"2014-04-03T22:25:39","date_gmt":"2014-04-03T20:25:39","guid":{"rendered":"https:\/\/www.trend4ward.de\/trendblog\/?page_id=158"},"modified":"2024-03-07T17:22:37","modified_gmt":"2024-03-07T16:22:37","slug":"trend4ward","status":"publish","type":"page","link":"https:\/\/www.trend4ward.de\/trendblog\/trend4ward\/","title":{"rendered":"trend4ward"},"content":{"rendered":"<p><strong>trend4ward<\/strong> steht, wie der Name schon sagt f\u00fcr Trends, und den bestimmten Schritt voraus, um \u00fcber Aktuelles, Neues und Zuk\u00fcnftiges zu berichten.<\/p>\n<p><strong>trend4ward<\/strong> ist aber auch der Name f\u00fcr eine Medienagentur in K\u00f6ln, die ich 2009 gegr\u00fcndet habe. Der Fokus bei trend4ward liegt auf <strong>journalistischen&nbsp;Inhalten und Konzepten, auf Corporate Publishing, PR, Schreibtrainings und Kurse<\/strong>. Eine \u00dcbersicht bietet die Seite <a href=\"http:\/\/www.trend4ward.de\" target=\"_blank\" rel=\"noopener noreferrer\">trend4ward.de<\/a>.<\/p>\n<p><span style=\"line-height: 1.5em;\">Gr\u00fcnderin von <strong>trend4ward<\/strong> und diesem <strong>trendBlog<\/strong> ist <strong>Evelyn Steinbach<\/strong>, Dipl.-Journalistin und Kommunikationswissenschaftlerin mit vielen Jahren Erfahrung im Medienbereich \u2013 sowie in anderen Branchen \u2013 insbesondere in der M\u00f6bel- und Einrichtungsbranche, im Segment Heimwerken und Do-it-yourself, Bauen und Immobilien sowie in der Tourismusbranche und Hotellerie.<\/span><span style=\"line-height: 1.5em;\">&nbsp;<\/span><\/p>\n<p><span style=\"line-height: 1.5em;\"><strong>Ich schreibe \u00fcber Themen, die mich bewegen.<\/strong> Diese entstehen h\u00e4ufig im Umfeld von Wohn- und Einrichtungsthemen, Reise und Tourismus sowie Gesellschaft und Kultur. <\/span><\/p>\n<p><span style=\"line-height: 1.5em;\">Gerne widme ich mich in meinen Artikeln auch den Menschen in K\u00f6ln, meiner Wahlheimat, in der es immer wieder Spannendes zu entdecken gibt.<\/span><\/p>\n<p>Meine Berichte, Portr\u00e4ts, Reportagen und Ratgeberartikel \u00fcber fein selektierte Trendthemen finden Sie hier im <strong>trendBlog<\/strong> sowie vielleicht auch in Ihrer Tageszeitung oder Ihrem Online-Magazin.&nbsp;Denn als freie Journalistin schreibe ich f\u00fcr verschiedene Medien in Deutschland. <a href=\"http:\/\/www.trend4ward.de\/referenzen\/journalistische-artikel\/\" target=\"_blank\" rel=\"noopener noreferrer\">Hier<\/a> finden Sie eine \u00dcbersicht der aktuell erschienenen Artikel.<\/p>\n<p><strong>\u00dcbrigens: <\/strong>Einige der hier im <strong>trendBlog<\/strong> ver\u00f6ffentlichten Texte biete ich auch zum Kauf an. Sie haben spezielle W\u00fcnsche? Schreiben Sie mir einfach eine <a href=\"https:\/\/www.trend4ward.de\/trendblog\/kontakt\/\">Nachricht<\/a>.<\/p>\n<p>Im <strong><a title=\"Textshop\" href=\"https:\/\/www.trend4ward.de\/trendblog\/textshop\/\" target=\"_blank\" rel=\"noopener noreferrer\">Textshop<\/a><\/strong> finden Sie mein aktuelles &nbsp;Themenangebot.&nbsp;Weitere Informationen \u00fcber <strong>trend4ward<\/strong> und mein Wirken beispielsweise auch als <strong>Texterin<\/strong>, <strong>Content-Strategin<\/strong>, <strong>Dozentin und Schreibtrainerin<\/strong>&nbsp;finden Sie unter <a title=\"trend4ward.de\" href=\"http:\/\/trend4ward.de\">trend4ward.de<\/a>.<\/p>\n<p>&nbsp;<\/p>\n\r<div class=\"GARD gard_basic_mode\" id=\"google-ads-Co7r\"><script >\radUnit = document.getElementById(\"google-ads-Co7r\");\radWidth = adUnit.offsetWidth;\r\rif ( adWidth >= 999999 ) {\r\/* GETTING THE FIRST IF OUT OF THE WAY *\/ \r} else {\rgoogle_ad_slot = \"0\";\radUnit.style.display = \"none\";\r}\radUnit.className = adUnit.className + \" ad_unit \" + tag;\rgoogle_ad_client = \"ca-pub-6170969419645551\";\radUnit.style.cssFloat  = \"left\";\radUnit.style.styleFloat  = \"left\";\radUnit.style.margin = \"0 10px 10px 0\";\radUnit.style.textAlign = \"initial\";\rgoogle_color_border = \"FFFFFF\";\rgoogle_color_bg = \"FFFFFF\";\rgoogle_color_link = \"999999\";\rgoogle_color_url = \"99cc33\";\rgoogle_color_text = \"666666\";\rgoogle_ui_features = \"rc:\";\r<\/script>\r<script  src=\"\/\/pagead2.googlesyndication.com\/pagead\/show_ads.js\"><\/script>\r<\/div>\n<p>&nbsp;<\/p>\n<p>&nbsp;<\/p>\n","protected":false},"excerpt":{"rendered":"<p>trend4ward steht, wie der Name schon sagt f\u00fcr Trends, und den bestimmten Schritt voraus, um \u00fcber Aktuelles, Neues und Zuk\u00fcnftiges zu berichten. trend4ward ist aber auch der Name f\u00fcr eine Medienagentur in K\u00f6ln, die ich 2009 gegr\u00fcndet habe. Der Fokus bei trend4ward liegt auf journalistischen&nbsp;Inhalten und Konzepten, auf Corporate Publishing, PR, Schreibtrainings und Kurse. Eine&hellip;&nbsp;<a href=\"https:\/\/www.trend4ward.de\/trendblog\/trend4ward\/\" rel=\"bookmark\">Weiterlesen &raquo;<span class=\"screen-reader-text\">trend4ward<\/span><\/a><\/p>\n","protected":false},"author":1,"featured_media":0,"parent":0,"menu_order":0,"comment_status":"closed","ping_status":"closed","template":"","meta":{"om_disable_all_campaigns":false,"_monsterinsights_skip_tracking":false,"_monsterinsights_sitenote_active":false,"_monsterinsights_sitenote_note":"","_monsterinsights_sitenote_category":0,"_uf_show_specific_survey":0,"_uf_disable_surveys":false,"neve_meta_sidebar":"","neve_meta_container":"","neve_meta_enable_content_width":"","neve_meta_content_width":0,"neve_meta_title_alignment":"","neve_meta_author_avatar":"","neve_post_elements_order":"","neve_meta_disable_header":"","neve_meta_disable_footer":"","neve_meta_disable_title":"","ngg_post_thumbnail":0,"footnotes":""},"class_list":["post-158","page","type-page","status-publish","hentry"],"yoast_head":"<!-- This site is optimized with the Yoast SEO plugin v27.2 - https:\/\/yoast.com\/product\/yoast-seo-wordpress\/ -->\n<title>trend4ward &#8226; trendBlog \u2013 Wohnen, Reisen, Leben und Kultur<\/title>\n<meta name=\"description\" content=\"trend4ward steht, wie der Name schon sagt f\u00fcr Trends, und den bestimmten Schritt voraus, um \u00fcber Aktuelles, Neues und Zuk\u00fcnftiges zu berichten.\" \/>\n<meta name=\"robots\" content=\"index, follow, max-snippet:-1, max-image-preview:large, max-video-preview:-1\" \/>\n<link rel=\"canonical\" href=\"https:\/\/www.trend4ward.de\/trendblog\/trend4ward\/\" \/>\n<meta property=\"og:locale\" content=\"de_DE\" \/>\n<meta property=\"og:type\" content=\"article\" \/>\n<meta property=\"og:title\" content=\"trend4ward &#8226; trendBlog \u2013 Wohnen, Reisen, Leben und Kultur\" \/>\n<meta property=\"og:description\" content=\"trend4ward steht, wie der Name schon sagt f\u00fcr Trends, und den bestimmten Schritt voraus, um \u00fcber Aktuelles, Neues und Zuk\u00fcnftiges zu berichten.\" \/>\n<meta property=\"og:url\" content=\"https:\/\/www.trend4ward.de\/trendblog\/trend4ward\/\" \/>\n<meta property=\"og:site_name\" content=\"trendBlog \u2013 Wohnen, Reisen, Leben und Kultur\" \/>\n<meta property=\"article:modified_time\" content=\"2024-03-07T16:22:37+00:00\" \/>\n<meta name=\"twitter:label1\" content=\"Gesch\u00e4tzte Lesezeit\" \/>\n\t<meta name=\"twitter:data1\" content=\"2\u00a0Minuten\" \/>\n<script type=\"application\/ld+json\" class=\"yoast-schema-graph\">{\"@context\":\"https:\/\/schema.org\",\"@graph\":[{\"@type\":\"WebPage\",\"@id\":\"https:\/\/www.trend4ward.de\/trendblog\/trend4ward\/\",\"url\":\"https:\/\/www.trend4ward.de\/trendblog\/trend4ward\/\",\"name\":\"trend4ward &#8226; trendBlog \u2013 Wohnen, Reisen, Leben und Kultur\",\"isPartOf\":{\"@id\":\"https:\/\/www.trend4ward.de\/trendblog\/#website\"},\"datePublished\":\"2014-04-03T20:25:39+00:00\",\"dateModified\":\"2024-03-07T16:22:37+00:00\",\"description\":\"trend4ward steht, wie der Name schon sagt f\u00fcr Trends, und den bestimmten Schritt voraus, um \u00fcber Aktuelles, Neues und Zuk\u00fcnftiges zu berichten.\",\"breadcrumb\":{\"@id\":\"https:\/\/www.trend4ward.de\/trendblog\/trend4ward\/#breadcrumb\"},\"inLanguage\":\"de\",\"potentialAction\":[{\"@type\":\"ReadAction\",\"target\":[\"https:\/\/www.trend4ward.de\/trendblog\/trend4ward\/\"]}]},{\"@type\":\"BreadcrumbList\",\"@id\":\"https:\/\/www.trend4ward.de\/trendblog\/trend4ward\/#breadcrumb\",\"itemListElement\":[{\"@type\":\"ListItem\",\"position\":1,\"name\":\"Home\",\"item\":\"https:\/\/www.trend4ward.de\/trendblog\/\"},{\"@type\":\"ListItem\",\"position\":2,\"name\":\"trend4ward\"}]},{\"@type\":\"WebSite\",\"@id\":\"https:\/\/www.trend4ward.de\/trendblog\/#website\",\"url\":\"https:\/\/www.trend4ward.de\/trendblog\/\",\"name\":\"trendBlog \u2013 Wohnen, Reisen, Leben und Kultur\",\"description\":\"Portr\u00e4ts, Reportagen, Ratgeber. Seit 2009. Von Evelyn Steinbach.\",\"publisher\":{\"@id\":\"https:\/\/www.trend4ward.de\/trendblog\/#\/schema\/person\/c65dd8afd2fda04893d121f31b2a8ea4\"},\"potentialAction\":[{\"@type\":\"SearchAction\",\"target\":{\"@type\":\"EntryPoint\",\"urlTemplate\":\"https:\/\/www.trend4ward.de\/trendblog\/?s={search_term_string}\"},\"query-input\":{\"@type\":\"PropertyValueSpecification\",\"valueRequired\":true,\"valueName\":\"search_term_string\"}}],\"inLanguage\":\"de\"},{\"@type\":[\"Person\",\"Organization\"],\"@id\":\"https:\/\/www.trend4ward.de\/trendblog\/#\/schema\/person\/c65dd8afd2fda04893d121f31b2a8ea4\",\"name\":\"Evelyn Steinbach\",\"image\":{\"@type\":\"ImageObject\",\"inLanguage\":\"de\",\"@id\":\"https:\/\/www.trend4ward.de\/trendblog\/wp-content\/uploads\/2020\/11\/cropped-cropped-IMG_6744-e1692617617527.png\",\"url\":\"https:\/\/www.trend4ward.de\/trendblog\/wp-content\/uploads\/2020\/11\/cropped-cropped-IMG_6744-e1692617617527.png\",\"contentUrl\":\"https:\/\/www.trend4ward.de\/trendblog\/wp-content\/uploads\/2020\/11\/cropped-cropped-IMG_6744-e1692617617527.png\",\"width\":200,\"height\":183,\"caption\":\"Evelyn Steinbach\"},\"logo\":{\"@id\":\"https:\/\/www.trend4ward.de\/trendblog\/wp-content\/uploads\/2020\/11\/cropped-cropped-IMG_6744-e1692617617527.png\"},\"sameAs\":[\"http:\/\/www.trend4ward.de\"]}]}<\/script>\n<!-- \/ Yoast SEO plugin. -->","yoast_head_json":{"title":"trend4ward &#8226; trendBlog \u2013 Wohnen, Reisen, Leben und Kultur","description":"trend4ward steht, wie der Name schon sagt f\u00fcr Trends, und den bestimmten Schritt voraus, um \u00fcber Aktuelles, Neues und Zuk\u00fcnftiges zu berichten.","robots":{"index":"index","follow":"follow","max-snippet":"max-snippet:-1","max-image-preview":"max-image-preview:large","max-video-preview":"max-video-preview:-1"},"canonical":"https:\/\/www.trend4ward.de\/trendblog\/trend4ward\/","og_locale":"de_DE","og_type":"article","og_title":"trend4ward &#8226; trendBlog \u2013 Wohnen, Reisen, Leben und Kultur","og_description":"trend4ward steht, wie der Name schon sagt f\u00fcr Trends, und den bestimmten Schritt voraus, um \u00fcber Aktuelles, Neues und Zuk\u00fcnftiges zu berichten.","og_url":"https:\/\/www.trend4ward.de\/trendblog\/trend4ward\/","og_site_name":"trendBlog \u2013 Wohnen, Reisen, Leben und Kultur","article_modified_time":"2024-03-07T16:22:37+00:00","twitter_misc":{"Gesch\u00e4tzte Lesezeit":"2\u00a0Minuten"},"schema":{"@context":"https:\/\/schema.org","@graph":[{"@type":"WebPage","@id":"https:\/\/www.trend4ward.de\/trendblog\/trend4ward\/","url":"https:\/\/www.trend4ward.de\/trendblog\/trend4ward\/","name":"trend4ward &#8226; trendBlog \u2013 Wohnen, Reisen, Leben und Kultur","isPartOf":{"@id":"https:\/\/www.trend4ward.de\/trendblog\/#website"},"datePublished":"2014-04-03T20:25:39+00:00","dateModified":"2024-03-07T16:22:37+00:00","description":"trend4ward steht, wie der Name schon sagt f\u00fcr Trends, und den bestimmten Schritt voraus, um \u00fcber Aktuelles, Neues und Zuk\u00fcnftiges zu berichten.","breadcrumb":{"@id":"https:\/\/www.trend4ward.de\/trendblog\/trend4ward\/#breadcrumb"},"inLanguage":"de","potentialAction":[{"@type":"ReadAction","target":["https:\/\/www.trend4ward.de\/trendblog\/trend4ward\/"]}]},{"@type":"BreadcrumbList","@id":"https:\/\/www.trend4ward.de\/trendblog\/trend4ward\/#breadcrumb","itemListElement":[{"@type":"ListItem","position":1,"name":"Home","item":"https:\/\/www.trend4ward.de\/trendblog\/"},{"@type":"ListItem","position":2,"name":"trend4ward"}]},{"@type":"WebSite","@id":"https:\/\/www.trend4ward.de\/trendblog\/#website","url":"https:\/\/www.trend4ward.de\/trendblog\/","name":"trendBlog \u2013 Wohnen, Reisen, Leben und Kultur","description":"Portr\u00e4ts, Reportagen, Ratgeber. Seit 2009. Von Evelyn Steinbach.","publisher":{"@id":"https:\/\/www.trend4ward.de\/trendblog\/#\/schema\/person\/c65dd8afd2fda04893d121f31b2a8ea4"},"potentialAction":[{"@type":"SearchAction","target":{"@type":"EntryPoint","urlTemplate":"https:\/\/www.trend4ward.de\/trendblog\/?s={search_term_string}"},"query-input":{"@type":"PropertyValueSpecification","valueRequired":true,"valueName":"search_term_string"}}],"inLanguage":"de"},{"@type":["Person","Organization"],"@id":"https:\/\/www.trend4ward.de\/trendblog\/#\/schema\/person\/c65dd8afd2fda04893d121f31b2a8ea4","name":"Evelyn Steinbach","image":{"@type":"ImageObject","inLanguage":"de","@id":"https:\/\/www.trend4ward.de\/trendblog\/wp-content\/uploads\/2020\/11\/cropped-cropped-IMG_6744-e1692617617527.png","url":"https:\/\/www.trend4ward.de\/trendblog\/wp-content\/uploads\/2020\/11\/cropped-cropped-IMG_6744-e1692617617527.png","contentUrl":"https:\/\/www.trend4ward.de\/trendblog\/wp-content\/uploads\/2020\/11\/cropped-cropped-IMG_6744-e1692617617527.png","width":200,"height":183,"caption":"Evelyn Steinbach"},"logo":{"@id":"https:\/\/www.trend4ward.de\/trendblog\/wp-content\/uploads\/2020\/11\/cropped-cropped-IMG_6744-e1692617617527.png"},"sameAs":["http:\/\/www.trend4ward.de"]}]}},"jetpack_sharing_enabled":true,"_links":{"self":[{"href":"https:\/\/www.trend4ward.de\/trendblog\/wp-json\/wp\/v2\/pages\/158","targetHints":{"allow":["GET"]}}],"collection":[{"href":"https:\/\/www.trend4ward.de\/trendblog\/wp-json\/wp\/v2\/pages"}],"about":[{"href":"https:\/\/www.trend4ward.de\/trendblog\/wp-json\/wp\/v2\/types\/page"}],"author":[{"embeddable":true,"href":"https:\/\/www.trend4ward.de\/trendblog\/wp-json\/wp\/v2\/users\/1"}],"replies":[{"embeddable":true,"href":"https:\/\/www.trend4ward.de\/trendblog\/wp-json\/wp\/v2\/comments?post=158"}],"version-history":[{"count":43,"href":"https:\/\/www.trend4ward.de\/trendblog\/wp-json\/wp\/v2\/pages\/158\/revisions"}],"predecessor-version":[{"id":6275,"href":"https:\/\/www.trend4ward.de\/trendblog\/wp-json\/wp\/v2\/pages\/158\/revisions\/6275"}],"wp:attachment":[{"href":"https:\/\/www.trend4ward.de\/trendblog\/wp-json\/wp\/v2\/media?parent=158"}],"curies":[{"name":"wp","href":"https:\/\/api.w.org\/{rel}","templated":true}]}}