{"id":559,"date":"2014-05-23T10:41:48","date_gmt":"2014-05-23T08:41:48","guid":{"rendered":"https:\/\/www.trend4ward.de\/trendblog\/?page_id=559"},"modified":"2023-08-15T17:19:09","modified_gmt":"2023-08-15T15:19:09","slug":"impressum","status":"publish","type":"page","link":"https:\/\/www.trend4ward.de\/trendblog\/impressum\/","title":{"rendered":"Impressum"},"content":{"rendered":"<h3>Angaben gem\u00e4\u00df \u00a7 5 &nbsp;TMG<\/h3>\n<p>trend<strong>4<\/strong>ward &#8211; Redaktion &amp; PR<\/p>\n<p>Evelyn Steinbach, Dipl.-Journalistin und Autorin<\/p>\n<p>(inhaltlich verantwortlich nach \u00a7 55 Abs. 2 RStV)<\/p>\n<p>51065 K\u00f6ln<\/p>\n<p>Webseiten: <a href=\"http:\/\/www.trend4ward.de\">www.trend4ward.de<\/a> \/<a href=\"https:\/\/www.trend4ward.de\/trendblog\"> www.trend4ward.de\/trendblog<\/a><\/p>\n<p>&nbsp;<\/p>\n<h3><strong>Copyright-Hinweis<\/strong><\/h3>\n<p>Alle Texte, Bilder, Grafiken sowie Gestaltung und Layout der gesamten Webseite sind urheberrechtlich gesch\u00fctzt. S\u00e4mtliche Rechte, auch \u00dcbersetzungen, sind vorbehalten. Ohne Zustimmung von Evelyn Steinbach ist die Integration von Seiten dieser Webseite in andere Internetseiten nicht gestattet und bedarf der schriftlichen Genehmigung.<\/p>\n<p>Alle Rechte liegen bei der Inhaberin Evelyn Steinbach. Werke Dritter sind als solche gekennzeichnet. Eine Verwendung der Inhalte dieser Seite ist nicht gestattet. Zuwiderhandlung f\u00e4llt uns schnell auf und wird mit rechtlichen Mitteln bestraft.<\/p>\n<h3><strong>Haftungshinweis<\/strong><\/h3>\n<p>Trotz regelm\u00e4\u00dfiger inhaltlicher Pr\u00fcfung \u00fcbernehmen wir keine Haftung f\u00fcr die Inhalte von externen Querverweisen (Links). Webseiten unterliegen einem st\u00e4ndigen Wandel und wir haben keinen Einfluss auf verlinkte Seiten anderer Betreiber. Von Inhalten, die gegen geltendes Recht, Anstand, Sitte oder Moral versto\u00dfen, distanzieren wir uns deutlich. Sie f\u00fchren zur L\u00f6schung des Links von unserer Webseite. Evelyn Steinbach ist als Inhaltsanbieter f\u00fcr die eigenen Inhalte, die die Agentur zur Nutzung bereith\u00e4lt, nach den allgemeinen Gesetzen verantwortlich. Von diesen eigenen Inhalten sind Querverweise auf andere Webseiten zu unterscheiden. F\u00fcr diese fremden Inhalte von anderen Anbietern ist Evelyn Steinbach nur dann verantwortlich, wenn von ihnen (d.h. auch von einem rechtswidrigen bzw. strafbaren Inhalt) positive Kenntnis vorliegt und es technisch m\u00f6glich und zumutbar ist, deren Nutzung zu verhindern (\u00a75 Abs. 2 TDG).<\/p>\n<p><strong style=\"font-size: 1.8rem;\">\r<div class=\"GARD gard_basic_mode\" id=\"google-ads-lw78\"><script >\radUnit = document.getElementById(\"google-ads-lw78\");\radWidth = adUnit.offsetWidth;\r\rif ( adWidth >= 999999 ) {\r\/* GETTING THE FIRST IF OUT OF THE WAY *\/ \r} else {\rgoogle_ad_slot = \"0\";\radUnit.style.display = \"none\";\r}\radUnit.className = adUnit.className + \" ad_unit \" + tag;\rgoogle_ad_client = \"ca-pub-6170969419645551\";\radUnit.style.cssFloat  = \"left\";\radUnit.style.styleFloat  = \"left\";\radUnit.style.margin = \"0 10px 10px 0\";\radUnit.style.textAlign = \"initial\";\rgoogle_color_border = \"FFFFFF\";\rgoogle_color_bg = \"FFFFFF\";\rgoogle_color_link = \"999999\";\rgoogle_color_url = \"99cc33\";\rgoogle_color_text = \"666666\";\rgoogle_ui_features = \"rc:\";\r<\/script>\r<script  src=\"\/\/pagead2.googlesyndication.com\/pagead\/show_ads.js\"><\/script>\r<\/div>&nbsp;<\/strong><\/p>\n<p>&nbsp;<\/p>\n<p>&nbsp;<\/p>\n","protected":false},"excerpt":{"rendered":"<p>Angaben gem\u00e4\u00df \u00a7 5 &nbsp;TMG trend4ward &#8211; Redaktion &amp; PR Evelyn Steinbach, Dipl.-Journalistin und Autorin (inhaltlich verantwortlich nach \u00a7 55 Abs. 2 RStV) 51065 K\u00f6ln Webseiten: www.trend4ward.de \/ www.trend4ward.de\/trendblog &nbsp; Copyright-Hinweis Alle Texte, Bilder, Grafiken sowie Gestaltung und Layout der gesamten Webseite sind urheberrechtlich gesch\u00fctzt. S\u00e4mtliche Rechte, auch \u00dcbersetzungen, sind vorbehalten. Ohne Zustimmung von Evelyn&hellip;&nbsp;<a href=\"https:\/\/www.trend4ward.de\/trendblog\/impressum\/\" rel=\"bookmark\">Weiterlesen &raquo;<span class=\"screen-reader-text\">Impressum<\/span><\/a><\/p>\n","protected":false},"author":1,"featured_media":0,"parent":0,"menu_order":0,"comment_status":"closed","ping_status":"closed","template":"","meta":{"om_disable_all_campaigns":false,"_monsterinsights_skip_tracking":false,"_monsterinsights_sitenote_active":false,"_monsterinsights_sitenote_note":"","_monsterinsights_sitenote_category":0,"_uf_show_specific_survey":0,"_uf_disable_surveys":false,"neve_meta_sidebar":"","neve_meta_container":"","neve_meta_enable_content_width":"","neve_meta_content_width":0,"neve_meta_title_alignment":"","neve_meta_author_avatar":"","neve_post_elements_order":"","neve_meta_disable_header":"","neve_meta_disable_footer":"","neve_meta_disable_title":"","ngg_post_thumbnail":0,"footnotes":""},"class_list":["post-559","page","type-page","status-publish","hentry"],"yoast_head":"<!-- This site is optimized with the Yoast SEO plugin v27.2 - https:\/\/yoast.com\/product\/yoast-seo-wordpress\/ -->\n<title>Impressum &#8226; trendBlog \u2013 Wohnen, Reisen, Leben und Kultur<\/title>\n<meta name=\"description\" content=\"Neuer Trend aus dem trendBlog von trend4ward.\" \/>\n<meta name=\"robots\" content=\"index, follow, max-snippet:-1, max-image-preview:large, max-video-preview:-1\" \/>\n<link rel=\"canonical\" href=\"https:\/\/www.trend4ward.de\/trendblog\/impressum\/\" \/>\n<meta property=\"og:locale\" content=\"de_DE\" \/>\n<meta property=\"og:type\" content=\"article\" \/>\n<meta property=\"og:title\" content=\"Impressum &#8226; trendBlog \u2013 Wohnen, Reisen, Leben und Kultur\" \/>\n<meta property=\"og:description\" content=\"Neuer Trend aus dem trendBlog von trend4ward.\" \/>\n<meta property=\"og:url\" content=\"https:\/\/www.trend4ward.de\/trendblog\/impressum\/\" \/>\n<meta property=\"og:site_name\" content=\"trendBlog \u2013 Wohnen, Reisen, Leben und Kultur\" \/>\n<meta property=\"article:modified_time\" content=\"2023-08-15T15:19:09+00:00\" \/>\n<meta name=\"twitter:label1\" content=\"Gesch\u00e4tzte Lesezeit\" \/>\n\t<meta name=\"twitter:data1\" content=\"2\u00a0Minuten\" \/>\n<script type=\"application\/ld+json\" class=\"yoast-schema-graph\">{\"@context\":\"https:\/\/schema.org\",\"@graph\":[{\"@type\":\"WebPage\",\"@id\":\"https:\/\/www.trend4ward.de\/trendblog\/impressum\/\",\"url\":\"https:\/\/www.trend4ward.de\/trendblog\/impressum\/\",\"name\":\"Impressum &#8226; trendBlog \u2013 Wohnen, Reisen, Leben und Kultur\",\"isPartOf\":{\"@id\":\"https:\/\/www.trend4ward.de\/trendblog\/#website\"},\"datePublished\":\"2014-05-23T08:41:48+00:00\",\"dateModified\":\"2023-08-15T15:19:09+00:00\",\"description\":\"Neuer Trend aus dem trendBlog von trend4ward.\",\"breadcrumb\":{\"@id\":\"https:\/\/www.trend4ward.de\/trendblog\/impressum\/#breadcrumb\"},\"inLanguage\":\"de\",\"potentialAction\":[{\"@type\":\"ReadAction\",\"target\":[\"https:\/\/www.trend4ward.de\/trendblog\/impressum\/\"]}]},{\"@type\":\"BreadcrumbList\",\"@id\":\"https:\/\/www.trend4ward.de\/trendblog\/impressum\/#breadcrumb\",\"itemListElement\":[{\"@type\":\"ListItem\",\"position\":1,\"name\":\"Home\",\"item\":\"https:\/\/www.trend4ward.de\/trendblog\/\"},{\"@type\":\"ListItem\",\"position\":2,\"name\":\"Impressum\"}]},{\"@type\":\"WebSite\",\"@id\":\"https:\/\/www.trend4ward.de\/trendblog\/#website\",\"url\":\"https:\/\/www.trend4ward.de\/trendblog\/\",\"name\":\"trendBlog \u2013 Wohnen, Reisen, Leben und Kultur\",\"description\":\"Portr\u00e4ts, Reportagen, Ratgeber. Seit 2009. Von Evelyn Steinbach.\",\"publisher\":{\"@id\":\"https:\/\/www.trend4ward.de\/trendblog\/#\/schema\/person\/c65dd8afd2fda04893d121f31b2a8ea4\"},\"potentialAction\":[{\"@type\":\"SearchAction\",\"target\":{\"@type\":\"EntryPoint\",\"urlTemplate\":\"https:\/\/www.trend4ward.de\/trendblog\/?s={search_term_string}\"},\"query-input\":{\"@type\":\"PropertyValueSpecification\",\"valueRequired\":true,\"valueName\":\"search_term_string\"}}],\"inLanguage\":\"de\"},{\"@type\":[\"Person\",\"Organization\"],\"@id\":\"https:\/\/www.trend4ward.de\/trendblog\/#\/schema\/person\/c65dd8afd2fda04893d121f31b2a8ea4\",\"name\":\"Evelyn Steinbach\",\"image\":{\"@type\":\"ImageObject\",\"inLanguage\":\"de\",\"@id\":\"https:\/\/www.trend4ward.de\/trendblog\/wp-content\/uploads\/2020\/11\/cropped-cropped-IMG_6744-e1692617617527.png\",\"url\":\"https:\/\/www.trend4ward.de\/trendblog\/wp-content\/uploads\/2020\/11\/cropped-cropped-IMG_6744-e1692617617527.png\",\"contentUrl\":\"https:\/\/www.trend4ward.de\/trendblog\/wp-content\/uploads\/2020\/11\/cropped-cropped-IMG_6744-e1692617617527.png\",\"width\":200,\"height\":183,\"caption\":\"Evelyn Steinbach\"},\"logo\":{\"@id\":\"https:\/\/www.trend4ward.de\/trendblog\/wp-content\/uploads\/2020\/11\/cropped-cropped-IMG_6744-e1692617617527.png\"},\"sameAs\":[\"http:\/\/www.trend4ward.de\"]}]}<\/script>\n<!-- \/ Yoast SEO plugin. -->","yoast_head_json":{"title":"Impressum &#8226; trendBlog \u2013 Wohnen, Reisen, Leben und Kultur","description":"Neuer Trend aus dem trendBlog von trend4ward.","robots":{"index":"index","follow":"follow","max-snippet":"max-snippet:-1","max-image-preview":"max-image-preview:large","max-video-preview":"max-video-preview:-1"},"canonical":"https:\/\/www.trend4ward.de\/trendblog\/impressum\/","og_locale":"de_DE","og_type":"article","og_title":"Impressum &#8226; trendBlog \u2013 Wohnen, Reisen, Leben und Kultur","og_description":"Neuer Trend aus dem trendBlog von trend4ward.","og_url":"https:\/\/www.trend4ward.de\/trendblog\/impressum\/","og_site_name":"trendBlog \u2013 Wohnen, Reisen, Leben und Kultur","article_modified_time":"2023-08-15T15:19:09+00:00","twitter_misc":{"Gesch\u00e4tzte Lesezeit":"2\u00a0Minuten"},"schema":{"@context":"https:\/\/schema.org","@graph":[{"@type":"WebPage","@id":"https:\/\/www.trend4ward.de\/trendblog\/impressum\/","url":"https:\/\/www.trend4ward.de\/trendblog\/impressum\/","name":"Impressum &#8226; trendBlog \u2013 Wohnen, Reisen, Leben und Kultur","isPartOf":{"@id":"https:\/\/www.trend4ward.de\/trendblog\/#website"},"datePublished":"2014-05-23T08:41:48+00:00","dateModified":"2023-08-15T15:19:09+00:00","description":"Neuer Trend aus dem trendBlog von trend4ward.","breadcrumb":{"@id":"https:\/\/www.trend4ward.de\/trendblog\/impressum\/#breadcrumb"},"inLanguage":"de","potentialAction":[{"@type":"ReadAction","target":["https:\/\/www.trend4ward.de\/trendblog\/impressum\/"]}]},{"@type":"BreadcrumbList","@id":"https:\/\/www.trend4ward.de\/trendblog\/impressum\/#breadcrumb","itemListElement":[{"@type":"ListItem","position":1,"name":"Home","item":"https:\/\/www.trend4ward.de\/trendblog\/"},{"@type":"ListItem","position":2,"name":"Impressum"}]},{"@type":"WebSite","@id":"https:\/\/www.trend4ward.de\/trendblog\/#website","url":"https:\/\/www.trend4ward.de\/trendblog\/","name":"trendBlog \u2013 Wohnen, Reisen, Leben und Kultur","description":"Portr\u00e4ts, Reportagen, Ratgeber. Seit 2009. Von Evelyn Steinbach.","publisher":{"@id":"https:\/\/www.trend4ward.de\/trendblog\/#\/schema\/person\/c65dd8afd2fda04893d121f31b2a8ea4"},"potentialAction":[{"@type":"SearchAction","target":{"@type":"EntryPoint","urlTemplate":"https:\/\/www.trend4ward.de\/trendblog\/?s={search_term_string}"},"query-input":{"@type":"PropertyValueSpecification","valueRequired":true,"valueName":"search_term_string"}}],"inLanguage":"de"},{"@type":["Person","Organization"],"@id":"https:\/\/www.trend4ward.de\/trendblog\/#\/schema\/person\/c65dd8afd2fda04893d121f31b2a8ea4","name":"Evelyn Steinbach","image":{"@type":"ImageObject","inLanguage":"de","@id":"https:\/\/www.trend4ward.de\/trendblog\/wp-content\/uploads\/2020\/11\/cropped-cropped-IMG_6744-e1692617617527.png","url":"https:\/\/www.trend4ward.de\/trendblog\/wp-content\/uploads\/2020\/11\/cropped-cropped-IMG_6744-e1692617617527.png","contentUrl":"https:\/\/www.trend4ward.de\/trendblog\/wp-content\/uploads\/2020\/11\/cropped-cropped-IMG_6744-e1692617617527.png","width":200,"height":183,"caption":"Evelyn Steinbach"},"logo":{"@id":"https:\/\/www.trend4ward.de\/trendblog\/wp-content\/uploads\/2020\/11\/cropped-cropped-IMG_6744-e1692617617527.png"},"sameAs":["http:\/\/www.trend4ward.de"]}]}},"jetpack_sharing_enabled":true,"_links":{"self":[{"href":"https:\/\/www.trend4ward.de\/trendblog\/wp-json\/wp\/v2\/pages\/559","targetHints":{"allow":["GET"]}}],"collection":[{"href":"https:\/\/www.trend4ward.de\/trendblog\/wp-json\/wp\/v2\/pages"}],"about":[{"href":"https:\/\/www.trend4ward.de\/trendblog\/wp-json\/wp\/v2\/types\/page"}],"author":[{"embeddable":true,"href":"https:\/\/www.trend4ward.de\/trendblog\/wp-json\/wp\/v2\/users\/1"}],"replies":[{"embeddable":true,"href":"https:\/\/www.trend4ward.de\/trendblog\/wp-json\/wp\/v2\/comments?post=559"}],"version-history":[{"count":18,"href":"https:\/\/www.trend4ward.de\/trendblog\/wp-json\/wp\/v2\/pages\/559\/revisions"}],"predecessor-version":[{"id":6175,"href":"https:\/\/www.trend4ward.de\/trendblog\/wp-json\/wp\/v2\/pages\/559\/revisions\/6175"}],"wp:attachment":[{"href":"https:\/\/www.trend4ward.de\/trendblog\/wp-json\/wp\/v2\/media?parent=559"}],"curies":[{"name":"wp","href":"https:\/\/api.w.org\/{rel}","templated":true}]}}